ose -p = 3*m - 651, -4*p + 2*m + 2541 + 133 = 0. Suppose 5*r + 81 = p. What is the highest common factor of 13 and r?
13
Let k(h) = 7*h**2 - 5*h - 3. Let y be k(-4). Let s = y + -52. Suppose 2*v = 3*p - 43, -4*p + 5*v + 27 = -42. Calculate the greatest common factor of s and p.
11
Let x(p) = 9*p**2 + 8*p + 7. Let t be x(-3). Calculate the highest common factor of 16 and t.
16
Let m(u) = -u**3 - 7*u**2 - 3*u - 10. Let t be m(-7). Calculate the greatest common divisor of 77 and t.
11
Let b be (-4)/(-6) - 931/(-21). Suppose 4*m - 5*s - b = -6*s, -75 = -5*m + 5*s. Suppose 0 = 4*w - 149 + 29. What is the greatest common divisor of m and w?
6
Suppose -2*k + 40 = -60. What is the greatest common divisor of 20 and k?
10
Suppose -121 = -h - 10*h. What is the greatest common divisor of h and 341?
11
Let x(u) = -u**3 + 9*u**2 + 2*u + 1. Let d be x(5). Let r = d + 8. What is the greatest common divisor of r and 17?
17
Let l = 51 - -19. Let r be (-1)/4 - 7/4. Let h be 2*(-2 - r - -14). Calculate the highest common divisor of h and l.
14
Suppose 0 = 2*c + 2 - 18. Suppose -c - 7 = -5*w. Suppose 3*g + f - 25 = g, 45 = w*g - f. Calculate the greatest common divisor of 2 and g.
2
Suppose -3 = -n, 3*u - 3*n - 1 + 4 = 0. Let v be u + 6/(-3) + 7. Let a = 17 + v. What is the greatest common divisor of a and 4?
4
Let q = -25 + 38. Let l = q - 9. Suppose -x - 3*o = -0*o + l, 7 = -x - 4*o. What is the greatest common factor of 30 and x?
5
Suppose 5*u + 4*f = 33, 0 = -u - f + 7. Suppose -u*h + 2*x = -x - 1198, -3*x - 472 = -2*h. Calculate the highest common factor of 22 and h.
22
Suppose 2368 = 75*p + 943. Let w be 3*(1 + -8)*1. Let q = w + 230. What is the greatest common factor of q and p?
19
Suppose 0 = 3*u + u + 44. Let f = 101 - u. Calculate the highest common divisor of 14 and f.
14
Suppose 4*p = -4*x + 24, -2*x - 6 = -2*p - 2. Suppose -q - 7 = s, -2*s - 4*q - 19 = 3. Let c be 0 + 20/(-6)*s. Calculate the greatest common divisor of p and c.
2
Let r be (-6)/4 + 275/10. Calculate the greatest common divisor of 13 and r.
13
Suppose -p - 3 = -0, 6 = 3*v - 4*p. Let z be v - (-2 - -2) - 2. Let u(j) = -j + 5. Let r be u(z). Calculate the greatest common factor of r and 63.
9
Let o be ((-18)/21)/(1/(-7)). What is the highest common divisor of o and 48?
6
Let i be ((-1)/3)/(6/(-162)). Let a be -1 + (0 - (-1 - 0)). Suppose a*m - t = 2*m - 162, 3*t = 0. Calculate the highest common divisor of i and m.
9
Let i(b) = b + 5. Let t be i(-3). Suppose -3*r - t*f + 33 = -129, 5*f - 270 = -5*r. What is the greatest common divisor of r and 36?
18
Let u be (21 - 1) + (-1 - 1). Suppose 4 + 4 = 4*y, -2*x + 22 = 5*y. What is the greatest common divisor of x and u?
6
Suppose 0 = -5*w + 3*d + 40, 3*w - 5*d - 7 = 1. Let k = 7 + -2. Suppose -4*l = t - 37 - 104, -k*l + 146 = t. What is the highest common factor of t and w?
11
Suppose -4*s - 3*w + 12 = -7*s, s = -4*w + 21. Let t be -3 + s + (-70)/5. Let p = t - -26. What is the greatest common factor of p and 25?
5
Let r be 273/9 + 3 - (-10)/15. Calculate the greatest common factor of 85 and r.
17
Let c be 5*1 - (4 - 2). Let y = 75 - 45. Suppose -3*u = 3*k - y, c*u + 0*u + 12 = 4*k. Calculate the highest common divisor of k and 6.
6
Suppose 3*p - y - 14 = 21, 0 = -4*y + 16. What is the highest common factor of 169 and p?
13
Let m = 0 - -3. Suppose -4*a = 4*j - 44, -j + 8*a - 4*a = 14. Calculate the greatest common factor of j and m.
3
Let r(v) = -5*v + 2. Let d(m) = m - 1. Let s(b) = -6*d(b) - r(b). Let t be s(5). Let i be -4 - -4 - (-17 - t). What is the greatest common factor of i and 16?
16
Suppose 0 = -2*w - 4*o + 109 + 367, -4*w + 2*o = -922. Calculate the highest common factor of 29 and w.
29
Let x(h) = h**3 - h**2 + 3*h - 1. Let c be x(2). Let a(n) = n**2 - 7*n + 4. Let g be a(c). What is the greatest common divisor of 11 and g?
11
Let u(q) = -5*q - 14. Let a be u(-13). What is the highest common divisor of a and 17?
17
Let b = 67 + -39. What is the greatest common factor of b and 84?
28
Let x = 16 + 5. Let a be x/6*12/7. Calculate the greatest common factor of 2 and a.
2
Let i be ((-4)/22 - 35/(-11)) + 4. What is the highest common divisor of 21 and i?
7
Suppose -3*s = p - 18, -p + 36 = p - 2*s. Calculate the greatest common factor of p and 54.
18
Let k be 4/3 + 8/3. What is the greatest common divisor of k and 1?
1
Let w = -7 + 6. Let x be (0 + 2 + 0)/w. Let g = 7 - x. Calculate the highest common divisor of 3 and g.
3
Let t be (-2 - 2) + 324/4. What is the highest common factor of 7 and t?
7
Let d = 47 + -19. Calculate the highest common divisor of d and 7.
7
Let t(c) = 26*c**2 - 2*c - 2. Let a be t(-1). Calculate the greatest common divisor of a and 52.
26
Let d(s) = s**3 + 6*s**2 - s + 3. Let t be (3 + (-21)/6)*12. Let i be d(t). Calculate the greatest common factor of 45 and i.
9
Let j = 34 - 19. Suppose -157 = -3*g + 2*n, 3*n - 49 = -g - j. Suppose -k = -5*y - 0*y + 31, 0 = -y + 2*k - 1. What is the greatest common factor of g and y?
7
Let q(x) = x + 110. Let i be q(0). Let f be (-38)/(-6) - (-8)/(-24). Let k be (3 + (-40)/f)*-3. What is the highest common factor of i and k?
11
Let i(z) = 1 - 2*z**2 - 37*z**3 + 2*z**2. Let s be i(-1). Suppose 5*v - 2*x = 279, 9*v - 14*v = 3*x - 294. Calculate the greatest common divisor of s and v.
19
Suppose -71 = 4*g - 515. Let j be g/2 + (-2)/4. Let r = 52 + -30. What is the highest common divisor of r and j?
11
Suppose -6*t - 2*h - 168 = -10*t, -2*t = -4*h - 84. Calculate the highest common divisor of 168 and t.
42
Suppose 0 = -4*f + 1 - 25. Let r = -6 - f. Suppose 5*g + 5*w - 540 = r, 3*w = -3*g - 2*g + 540. Calculate the highest common divisor of g and 12.
12
Let q(o) = -3*o**2 + 1 + 3*o - o**2 + 2*o**3 + 3 - o**3. Let y be q(4). Let r(c) = -21*c + 7. Let s be r(-5). Calculate the highest common divisor of s and y.
16
Let a = -23 - -39. Calculate the greatest common factor of a and 128.
16
Let z(u) = -204*u**3 + u**2 - 1. Let d be z(-2). Let r be d/12 + (-1)/4. Suppose -7*x + 8*x = 17. Calculate the greatest common factor of x and r.
17
Let l(y) = 30*y. Suppose -4 = -4*c - 0. Let f be l(c). Let v(n) = n**3 - 17*n**2 + n - 11. Let h be v(17). Calculate the highest common divisor of f and h.
6
Suppose 50 = x - 3*x. Let b = 57 + -2. Let c = b + x. What is the highest common factor of c and 15?
15
Let s(z) = 2*z - 11 - 3*z + 4*z + 8*z. Let t be s(11). What is the greatest common divisor of 22 and t?
22
Suppose 3*k = -t + 21, 77 + 7 = 3*t + 2*k. Suppose t = 2*p - p. Let w be p/9 - (-2)/3. Calculate the greatest common factor of 4 and w.
4
Let j be 2/(-8) - 82/(-8). Suppose 3*t - 9 = -0*t. Let r be 30*(t + 1/(-3)). What is the highest common factor of r and j?
10
Suppose 4*p + 17 = 3*y + 2*p, -10 = -3*y - 5*p. Suppose 12*x - 16*x + 180 = 0. Calculate the greatest common factor of y and x.
5
Let f(a) = 2*a - 13. Let y be f(-6). Let z be 26/10 - (-15)/y. Let g = 2 + 3. Calculate the greatest common factor of g and z.
1
Suppose r + 5 = -4*g, 0*r = r + 5*g + 8. What is the greatest common factor of 14 and r?
7
Let r(y) = 68*y - 1. Let p be r(-1). Let a = p + 137. Suppose 9*s = -6*s + 255. Calculate the highest common factor of s and a.
17
Let t be 8*((0 - 1) + 4). Calculate the highest common factor of t and 192.
24
Let c(s) = -4*s + 1. Let o be c(-1). Suppose o*y - 120 + 0 = 0. Suppose -5*r + 12 + 18 = 0. What is the highest common divisor of y and r?
6
Let d be 2*(1 - -1)/2. Suppose y = d*q - 6, -q + 3*q = 5*y - 2. Let u(b) = -b - 2. Let i be u(-4). Calculate the highest common divisor of i and q.
2
Suppose -36 = -5*w + 2*w. Suppose 0 = 5*p + 3*h - 75 - 45, -48 = -2*p + h. What is the greatest common divisor of p and w?
12
Suppose -3*m - 141 = -3*j, m + 5*j + 51 = 2*j. Let z = 82 + m. Calculate the highest common factor of z and 17.
17
Let z be 1/((3 - 2)/13). What is the highest common factor of 65 and z?
13
Let v = -5 - -10. Suppose -4*b = 3*q - 59, -2*q - 2*q + 74 = v*b. Calculate the greatest common factor of b and 7.
7
Let s = 42 + -117. Let t = -35 - s. Suppose 36 = 2*v + v - 3*b, -2*v + 4*b + 28 = 0. Calculate the greatest common factor of v and t.
10
Let q(g) = g**2 + 4*g - 7. Let b be q(-6). Suppose f + 3*z + 739 = 5*f, -2*f + 359 = -b*z. What is the greatest common factor of 17 and f